. Let d(g) = -g**2 + 2. Determine d(q).
-2
Let c(z) = z**3 + 8*z**2 + 4*z + 12. Let v be -1 - (3 + (5 - 1)). Calculate c(v).
-20
Suppose 8*x = 5*x + 9. Let n(w) = 1 - 5 + w - x*w**2 - 3*w + 2. Calculate n(-2).
-10
Let b = 3 - 4. Let u(j) = -5*j. Let h be u(-1). Let p(z) = 8*z - 3. Let s(q) = -12*q + 5. Let a(l) = h*s(l) + 8*p(l). Give a(b).
-3
Suppose 4*r + 6 = r. Let a be -1*1*(r + 2). Let w(u) = -3 - 2*u + 4*u + a. Give w(4).
5
Let k(z) = -z - 2. Let v be 10*(-1 - (-12)/8). Suppose -t = -j + 4, -v = -4*t + 2*j - 13. Give k(t).
-2
Let u(q) = 15*q**2 - 1. Let b(s) be the second derivative of s**4/12 + s. Let k be 1/(-4)*(5 - 9). Let a(c) = k*u(c) - 2*b(c). Give a(-1).
12
Let l(z) = -z**3 - 4*z**2 + 2*z - 7. Let m = -17 + 12. Give l(m).
8
Let k(d) = -2*d**2 - 2*d + 5. Let y(c) = -3*c**2 - c + 5. Let a = 10 - 1. Suppose -s + a = 2*s. Let g(f) = s*y(f) - 4*k(f). What is g(5)?
-5
Suppose -2*n = b + 3*b + 6, 0 = 2*n - 5*b - 3. Let g(s) = -133*s**3 + 72*s**3 + 64*s**3 - s. What is g(n)?
-2
Let f(s) = s**3 + 13*s**2 + 12*s + 2. Let t be f(-12). Let p(v) = 15 - 6*v**2 - 1 + 2*v**t - v + 3*v**2. What is p(0)?
14
Let c(t) = -3*t**2 + 5*t - 1. Let g(k) = -2*k**2 + 3*k. Let y(z) = 3*c(z) - 5*g(z). What is y(-4)?
13
Let y(q) = 2. Let k(j) = j + 15. Let a(z) = 2*k(z) - 18*y(z). Calculate a(6).
6
Let k(o) = -4*o**3 + 2*o**2 - o. Suppose 0*p - 6 = 3*p. Let j(g) be the first derivative of -g**4/4 - 2*g**3/3 - g**2/2 - g - 1. Let c be j(p). Determine k(c).
-3
Suppose 27 = 5*k - 3. Let y(z) = -20*z**2 + 12*z + 29. Let u(a) = 7*a**2 - 4*a - 10. Let g(s) = k*y(s) + 17*u(s). Suppose -8 = -3*i + 4. Give g(i).
4
Let n(k) be the third derivative of -k**5/60 + 7*k**4/24 - k**3/6 + 45*k**2. Determine n(8).
-9
Let q(g) = -g - 6. Let n(c) = c**2 + 13*c - 12. Let h be n(-12). Let t = h + 18. Calculate q(t).
0
Let s(t) = -2*t + 2*t + 0*t + t**2 - 4*t - 2. Determine s(4).
-2
Let j be 21/14*(-8)/(-3). Suppose 0*b + k - 6 = -2*b, 0 = 5*b + j*k - 21. Let t(g) = -14*g**2 + g - 1. Determine t(b).
-14
Suppose -2*r + 3 - 1 = 0. Let n = 26 + -12. Let g(q) = n*q - q**3 + 2*q**2 - 14*q - 1. Calculate g(r).
0
Let y(l) = -l**2 - 6*l + 4. Let g be y(-6). Let u(k) = -k**2 + 5*k + 1. What is u(g)?
5
Let h(c) be the third derivative of -c**6/120 - c**5/60 - c**4/24 - c**3/3 + c**2. Let a = 11 + -1. Suppose -2 + 6 = -2*o + 3*s, -5*o + 5*s - a = 0. Give h(o).
4
Suppose a + 7 = -2*a + p, 14 = -2*a + 3*p. Suppose z - 2 = 3*h, 2*h = 5*z - 6*z + 2. Let d(u) = h*u - 2 - 8*u + 3. Calculate d(a).
9
Suppose 2*n + h + 3*h + 6 = 0, -6 = -5*n - 3*h. Let k(p) = -p**3 - p**2. Let o(i) = -i**3 - 5*i**2 + i. Let j(s) = n*k(s) - o(s). Give j(1).
-1
Suppose 8 = y + n, -2*y + 5*n + 5 = 2*y. Let k(j) = -j + 1. Determine k(y).
-4
Let r(l) be the second derivative of l**3/3 + 2*l**2 - l. Suppose 0 = 87*u - 89*u + 6. Calculate r(u).
10
Let c(x) = -x**3 + 8*x**2 + 9*x - 1. Suppose 0 = q + q - 3*t - 12, 5*q = -3*t + 51. Determine c(q).
-1
Let z(h) = -3*h - 2*h + 1 - 6 + 3*h. Suppose 0 = -o + 2*o + 4. Determine z(o).
3
Let u(h) = -4*h. Let a be u(-1). Suppose -a*l + 6 = -2. Let o(f) = f**2 - f. Determine o(l).
2
Suppose -y = -4*q - 6 - 2, -y = -q - 2. Let k(m) = -2*m**3 + 9 + 2*m**3 - 3*m**3 - m**2 + 2*m**3. Calculate k(y).
9
Let r(v) = v**2 + 8*v - 4. Let o be r(-8). Let z(m) = -m**2 + 6. Let t(a) = -a + 1. Let x(k) = o*t(k) + z(k). What is x(5)?
-3
Let s(h) = 4*h**2 + 4*h + 3*h**2 + 7 - 11*h - h**3. Let y be s(6). Let g(f) = -f + 2. What is g(y)?
1
Suppose 1 = 4*w - 27. Let d(q) = 5*q**2 - 4*q - 5. Let c(b) = -6*b**2 + 3*b + 6. Let r(n) = 4*c(n) + 5*d(n). Calculate r(w).
-8
Suppose 0 = 2*x - 0 - 12. Suppose x = z + 3. Let o(h) = h**3 - 3*h**2 + 4*h - 4. Determine o(z).
8
Suppose 0 = -t - 13 + 15. Let m(o) = -16*o - 2. Calculate m(t).
-34
Let m(w) = 7*w. Suppose -2*h - 6 = 4. Let t = -6 - h. Give m(t).
-7
Let f(h) = -7*h + 3. Suppose 0 = -2*n + 4*g + 16, 5*n + 8*g - 85 = 3*g. Suppose -2*o + 2*a + n = 7*a, 2*o - 12 = -4*a. Determine f(o).
-11
Let x(d) = -d + 8. Let c(j) = j - 4. Let u be c(6). Suppose 5*z + 2*k - 36 = 0, -u - 19 = -5*z + 3*k. Give x(z).
2
Let j(z) = z + 2. Let a be j(0). Let d(q) = 4*q**2 - 2*q**2 + a + 3*q - 3*q**2. Suppose -10*o = -12*o + 4. Determine d(o).
4
Let a(y) = -1. Let t(p) = -3*p + 1. Let r(h) = 2*a(h) + t(h). Determine r(2).
-7
Let h(k) = -k**2 - 4*k - 3. Let v = -14 + -2. Suppose 3*j + 4 = -2. Let m be (v/(-20))/(j/10). Calculate h(m).
-3
Suppose -a + 1 + 0 = d, -5*d - a - 7 = 0. Let b be 3 + d - 2 - 6. Let r(c) = -c**3 - 8*c**2 - 7*c - 7. What is r(b)?
-7
Let z be (-52)/(-9) - 2/(-9). Let j(n) = -3*n + 11 - 6 + 2*n. Give j(z).
-1
Let s = 3 - -3. Let d(h) = h + 4 - 5 - 5. What is d(s)?
0
Let a be 3/(-6)*0 + -84. Let n be (-14)/a + 2/(-12). Let k(l) be the first derivative of l**3/3 + l**2/2 - l + 1. Calculate k(n).
-1
Let i(z) = -z**3 - 2*z**2 + 3*z + 2. Let d be i(-3). Let x be (1/(-2))/(d/52). Let s = x - -9. Let l(j) = -j**3 - 4*j**2 + 1. Calculate l(s).
1
Suppose f - 3*f = l + 18, 0 = -3*f + 3*l - 9. Let q(s) = s**3 + 7*s**2 + 2. Give q(f).
2
Let j(d) be the third derivative of 0*d**4 - 11/60*d**5 + 0 + 1/6*d**3 + d**2 + 0*d. Let m = -153 + 152. Give j(m).
-10
Let l(s) be the second derivative of -s**4/12 - 4*s**3/3 + s**2 - s + 14. Determine l(-7).
9
Let o(f) = -3*f + 1. Let k(w) = 2*w + 17. Suppose 3*c + a + 22 = -0*c, -4*c = -a + 34. Let y be k(c). What is o(y)?
-2
Let k be -4*(1 + 3/(-2)). Let f = k + -4. Let p(d) = -3*d + 2*d**2 - 2*d**3 - 2 - 5*d**2 + 0*d**3. Calculate p(f).
8
Let h = -14 + 16. Let t(z) = -h - 2*z**2 - z**2 + 4*z**2 + 4*z. Give t(-4).
-2
Let g = 1 - -2. Suppose 8 = t - 4*l, -2*l = -5*t + 3*l + 10. Let i(h) = -4 + h + h**3 - 3*h**2 + h + t*h**3. What is i(g)?
2
Let t(c) = 3*c + 1. Let v(p) = -1. Let i(l) = t(l) + 2*v(l). Calculate i(3).
8
Let c(l) = -l**2 - 6*l - 2. Let f(q) = -3*q. Let x(s) = -7*s. Let g(m) = 9*f(m) - 4*x(m). Let n(v) = -c(v) - g(v). Calculate n(-5).
2
Let q(s) = -s**3 - 5*s**2 - 3*s. Suppose 4*n - 5 - 3 = 0. Suppose 4*t + 16 = -3*r, 2*r + n*t - 10 = 5*r. Give q(r).
-4
Let d be (-8)/(-4) + 1*-9. Let s(w) = -w**2 - 5*w + 8. Let t be s(d). Let h(p) = p + 6. Determine h(t).
0
Let j(p) = -p. Let z = 85 - 87. What is j(z)?
2
Let l(n) = n**3 + 17*n**2 + 30*n - 2. Let f be l(-15). Let b(a) = 6*a - 2 + 0 + 5. Calculate b(f).
-9
Let y = 2 - 0. Let s(p) be the first derivative of p**5/20 - p**4/6 - p**3/6 + p**2/2 - 8*p - 1. Let h(l) be the first derivative of s(l). What is h(y)?
-1
Suppose 4*c + 33 = 9. Let j(x) = -2*x**3 + 3*x**3 - 4 + 9*x**2 - 2*x**2 - 11*x + 16*x. Calculate j(c).
2
Suppose 4*g = 8 - 0. Let a(p) = -5*p**2 + 2*p**2 + 0*p**2 + 2*p**3 + 0*p**3. What is a(g)?
4
Let f be (0 + -2)/((-4)/14). Suppose 2*t + 5 = f*t. Let i(w) = -4*w**2 - w. Give i(t).
-5
Let z = 26 + -29. Let w(r) = -3*r - 2. Let c(a) = -a - 1. Let k(o) = 8*c(o) - 3*w(o). Let y(v) = 3*v - 5. Let g(i) = 11*k(i) - 4*y(i). Calculate g(z).
1
Let g(w) = 3 + 0*w**2 - w + 2*w - w**2. Let l = -80 - -80. Calculate g(l).
3
Let g(x) = -2 + 3*x + 1 + 0 - x**2. Suppose -t + 5*d + 11 = 0, 4 + 3 = -3*t - 5*d. What is g(t)?
1
Let j(y) = -4*y - 5. Let i(d) = 10*d + 11. Let l(s) = s. Let u(f) = -i(f) + 2*l(f). Suppose 0*w - 2*w = 14. Let k(b) = w*j(b) + 3*u(b). Calculate k(2).
10
Let w(k) = -2*k - 10. Suppose -7 = -37*p + 38*p. What is w(p)?
4
Suppose -3 = -3*i - 7*f + 2*f, f = -5*i + 27. Let t(c) = c**2 - 7*c + 8. Calculate t(i).
2
Let c be (6/(-9))/(2/(-6)). Let r(t) = t + 1 - c + 2*t + 2. Give r(1).
4
Let z = -9 - -2. Let n(x) = -x**2 - 9*x - 3. What is n(z)?
11
Let u(d) = -28*d**3 - d. Let s(x) = x**2 - 5*x + 5. Let m be s(4). Determine u(m).
-29
Let q(s) = s - 8. Let x = 3 - 1. Suppose -x*d = n + 4*n - 15, 5*n - 20 = -d. Determine q(n).
-3
Suppose 7 = -5*k - 3. Let i(u) = -4*u**3 - 4*u**2 - 7*u - 1. Let x(r) = r**3 + r**2 + r. Let l(q) = i(q) + 5*x(q). What is l(k)?
-1
Let p(o) = 28*o**2 - 15*o**2 - 5 + 4. Calculate p(-1).
12
Let k(j) = -j**3 + j**2 + j. Let a(x) = x. Let o(i) = -5*i - 5. Let q(w) = 6*a(w) + o(w). Let l be q(5). What is k(l)?
0
Let y(u) = -u**2 - 1. Let i(p) = 4*p**2 - 2*p + 8. Let z(d) = i(d) + 5*y(d). Let g = 3 - -2. Suppose -m - g = -1. Determine z(m).
-5
Let t = 10 + -15. Let j(h) = 5*h - 6. Let s(b) = b. Suppose -5*k - y - 4 = 2*y, 3*k + 4*y = -9. Let p(x) = k*j